{"id":6,"date":"2021-01-23T18:16:27","date_gmt":"2021-01-23T17:16:27","guid":{"rendered":"http:\/\/www.kerradan.fr\/?page_id=6"},"modified":"2026-02-25T11:55:25","modified_gmt":"2026-02-25T10:55:25","slug":"le-nouveau-e-mucem-ouvre-ses-portes-2","status":"publish","type":"page","link":"http:\/\/www.kerradan.fr\/","title":{"rendered":""},"content":{"rendered":"\n<p class=\"has-black-color has-text-color has-link-color has-large-font-size wp-elements-1738b256145391229d9a2199cf508358\"><strong>Prochaine date, notre Fest Noz de printemps Samedi 4 avril 2026 &#8230;.<\/strong><\/p>\n\n\n\n<div class=\"wp-block-media-text is-stacked-on-mobile\" style=\"grid-template-columns:29% auto\"><figure class=\"wp-block-media-text__media\"><img loading=\"lazy\" decoding=\"async\" width=\"724\" height=\"1024\" src=\"http:\/\/www.kerradan.fr\/wp-content\/uploads\/2026\/01\/Samedi-4-avril-2026-1-724x1024.png\" alt=\"\" class=\"wp-image-5340 size-full\" srcset=\"http:\/\/www.kerradan.fr\/wp-content\/uploads\/2026\/01\/Samedi-4-avril-2026-1-724x1024.png 724w, http:\/\/www.kerradan.fr\/wp-content\/uploads\/2026\/01\/Samedi-4-avril-2026-1-212x300.png 212w, http:\/\/www.kerradan.fr\/wp-content\/uploads\/2026\/01\/Samedi-4-avril-2026-1-768x1086.png 768w, http:\/\/www.kerradan.fr\/wp-content\/uploads\/2026\/01\/Samedi-4-avril-2026-1-1086x1536.png 1086w, http:\/\/www.kerradan.fr\/wp-content\/uploads\/2026\/01\/Samedi-4-avril-2026-1-1448x2048.png 1448w, http:\/\/www.kerradan.fr\/wp-content\/uploads\/2026\/01\/Samedi-4-avril-2026-1.png 1587w\" sizes=\"auto, (max-width: 724px) 100vw, 724px\" \/><\/figure><div class=\"wp-block-media-text__content\">\n<p class=\"has-black-color has-text-color has-link-color has-medium-font-size wp-elements-20863f5541a1723e75b8485e2b2ce39b\">Comme les ann\u00e9es pass\u00e9es, notre association a invit\u00e9 deux groupes issus de terroirs diff\u00e9rents pour apporter \u00e0 son Fest Noz de printemps une grande richesse par la vari\u00e9t\u00e9 des danses propos\u00e9es.&nbsp;Ils nous feront voyager \u00e0 travers de nombreuses danses. Au menu, vielle, violon, veuze, accord\u00e9on, guitare, percussions, biniou et bombarde promettant une soir\u00e9e sous le signe de la f\u00eate et de la bonne humeur.<\/p>\n\n\n\n<p class=\"has-black-color has-text-color has-link-color has-medium-font-size wp-elements-8c6a37cb7f384998163213d1bd9c42f3\"><strong>A l&rsquo;affiche, Beurhan et CourantD&rsquo;Air&rsquo;S, deux groupes dynamiques au service de la musique bretonne et traditionnelle &#8230;. <\/strong><\/p>\n<\/div><\/div>\n\n\n\n<div class=\"wp-block-columns is-layout-flex wp-container-core-columns-is-layout-9d6595d7 wp-block-columns-is-layout-flex\">\n<div class=\"wp-block-column is-layout-flow wp-block-column-is-layout-flow\">\n<figure class=\"wp-block-image size-large\"><img loading=\"lazy\" decoding=\"async\" width=\"1024\" height=\"640\" src=\"http:\/\/www.kerradan.fr\/wp-content\/uploads\/2025\/11\/Courant-DAirs-officiel-1024x640.jpg\" alt=\"\" class=\"wp-image-5192\" srcset=\"http:\/\/www.kerradan.fr\/wp-content\/uploads\/2025\/11\/Courant-DAirs-officiel-1024x640.jpg 1024w, http:\/\/www.kerradan.fr\/wp-content\/uploads\/2025\/11\/Courant-DAirs-officiel-300x188.jpg 300w, http:\/\/www.kerradan.fr\/wp-content\/uploads\/2025\/11\/Courant-DAirs-officiel-768x480.jpg 768w, http:\/\/www.kerradan.fr\/wp-content\/uploads\/2025\/11\/Courant-DAirs-officiel-1536x960.jpg 1536w, http:\/\/www.kerradan.fr\/wp-content\/uploads\/2025\/11\/Courant-DAirs-officiel-2048x1280.jpg 2048w\" sizes=\"auto, (max-width: 1024px) 100vw, 1024px\" \/><\/figure>\n\n\n\n<p class=\"has-black-color has-text-color has-link-color has-medium-font-size wp-elements-3e3b2cde6e554d128269fd4c375a2ddc\"><strong>Courant d\u2019Air\u2019S<\/strong>, groupe vend\u00e9en de quatre musiciens avec Ren\u00e9 \u00e0 la guitare, Sophie \u00e0 l\u2019accord\u00e9on et au violon, Fr\u00e9d\u00e9ric aux percussions et Marie-No\u00eblle \u00e0 la fl\u00fbte et \u00e0 la veuze. Avec un r\u00e9pertoire tr\u00e8s \u00e9tendu allant de la Bretagne \u00e0 la Vend\u00e9e, en passant par la Gascogne avec Rondeau et Congo, ce groupe partage la musique traditionnelle avec une \u00e9nergie communicative.&nbsp;Le public le ressent\u2026 L\u2019\u00e9nergie transmise se disperse dans la salle enti\u00e8re et s\u00e9duit aussi bien les amateurs de musiques entra\u00eenantes que les amoureux de la danse.<\/p>\n<\/div>\n\n\n\n<div class=\"wp-block-column is-layout-flow wp-block-column-is-layout-flow\">\n<figure class=\"wp-block-image size-large\"><img loading=\"lazy\" decoding=\"async\" width=\"1024\" height=\"728\" src=\"http:\/\/www.kerradan.fr\/wp-content\/uploads\/2025\/11\/PHOTO-Beurhan-2024-1024x728.jpg\" alt=\"\" class=\"wp-image-5193\" srcset=\"http:\/\/www.kerradan.fr\/wp-content\/uploads\/2025\/11\/PHOTO-Beurhan-2024-1024x728.jpg 1024w, http:\/\/www.kerradan.fr\/wp-content\/uploads\/2025\/11\/PHOTO-Beurhan-2024-300x213.jpg 300w, http:\/\/www.kerradan.fr\/wp-content\/uploads\/2025\/11\/PHOTO-Beurhan-2024-768x546.jpg 768w, http:\/\/www.kerradan.fr\/wp-content\/uploads\/2025\/11\/PHOTO-Beurhan-2024-1536x1092.jpg 1536w, http:\/\/www.kerradan.fr\/wp-content\/uploads\/2025\/11\/PHOTO-Beurhan-2024.jpg 2048w\" sizes=\"auto, (max-width: 1024px) 100vw, 1024px\" \/><\/figure>\n\n\n\n<p class=\"has-black-color has-text-color has-link-color has-medium-font-size wp-elements-9390d53481c4e45a126c91fa81cfaf83\"><strong>Beurhan,<\/strong> groupe breton de musiciens d\u2019Hennebont avec Patrick au chant et \u00e0 l\u2019accord\u00e9on, G\u00e9rard au bouzouki, banjo et biniou, Patrice au piston et \u00e0 la veuze, Jean-Michel \u00e0 la guitare et Pascal \u00e0 la bombarde, au uilleann pipes et saxo. Un bel ensemble vivant et dynamique qui a un r\u00e9pertoire de danses et de musiques extr\u00eamement vari\u00e9 allant de la gavotte de l\u2019Aven au bal de Rhuys, en passant par le contre rond de Camp\u00e9gnac \u2026.. Un p\u00e9riple musical entre Haute et Basse Bretagne pour la plus grande joie des danseurs.<\/p>\n<\/div>\n<\/div>\n","protected":false},"excerpt":{"rendered":"<p>Prochaine date, notre Fest Noz de printemps Samedi 4 avril 2026 &#8230;. Comme les ann\u00e9es pass\u00e9es, notre association a invit\u00e9 deux groupes issus de terroirs diff\u00e9rents pour apporter \u00e0 son Fest Noz de printemps une grande richesse par la vari\u00e9t\u00e9 des danses propos\u00e9es.&nbsp;Ils nous feront voyager \u00e0 travers de nombreuses danses. Au menu, vielle, violon,<\/p>\n","protected":false},"author":1,"featured_media":0,"parent":0,"menu_order":0,"comment_status":"closed","ping_status":"closed","template":"","meta":{"footnotes":""},"class_list":["post-6","page","type-page","status-publish","hentry"],"_links":{"self":[{"href":"http:\/\/www.kerradan.fr\/index.php\/wp-json\/wp\/v2\/pages\/6","targetHints":{"allow":["GET"]}}],"collection":[{"href":"http:\/\/www.kerradan.fr\/index.php\/wp-json\/wp\/v2\/pages"}],"about":[{"href":"http:\/\/www.kerradan.fr\/index.php\/wp-json\/wp\/v2\/types\/page"}],"author":[{"embeddable":true,"href":"http:\/\/www.kerradan.fr\/index.php\/wp-json\/wp\/v2\/users\/1"}],"replies":[{"embeddable":true,"href":"http:\/\/www.kerradan.fr\/index.php\/wp-json\/wp\/v2\/comments?post=6"}],"version-history":[{"count":744,"href":"http:\/\/www.kerradan.fr\/index.php\/wp-json\/wp\/v2\/pages\/6\/revisions"}],"predecessor-version":[{"id":5367,"href":"http:\/\/www.kerradan.fr\/index.php\/wp-json\/wp\/v2\/pages\/6\/revisions\/5367"}],"wp:attachment":[{"href":"http:\/\/www.kerradan.fr\/index.php\/wp-json\/wp\/v2\/media?parent=6"}],"curies":[{"name":"wp","href":"https:\/\/api.w.org\/{rel}","templated":true}]}}

<p class="has-black-color has-text-color has-link-color has-large-font-size wp-elements-1738b256145391229d9a2199cf508358"><strong>Prochaine date, notre Fest Noz de printemps Samedi 4 avril 2026 &#8230;.</strong></p>



<div class="wp-block-media-text is-stacked-on-mobile" style="grid-template-columns:29% auto"><figure class="wp-block-media-text__media"><img loading="lazy" decoding="async" width="724" height="1024" src="http://www.kerradan.fr/wp-content/uploads/2026/01/Samedi-4-avril-2026-1-724x1024.png" alt="" class="wp-image-5340 size-full" srcset="http://www.kerradan.fr/wp-content/uploads/2026/01/Samedi-4-avril-2026-1-724x1024.png 724w, http://www.kerradan.fr/wp-content/uploads/2026/01/Samedi-4-avril-2026-1-212x300.png 212w, http://www.kerradan.fr/wp-content/uploads/2026/01/Samedi-4-avril-2026-1-768x1086.png 768w, http://www.kerradan.fr/wp-content/uploads/2026/01/Samedi-4-avril-2026-1-1086x1536.png 1086w, http://www.kerradan.fr/wp-content/uploads/2026/01/Samedi-4-avril-2026-1-1448x2048.png 1448w, http://www.kerradan.fr/wp-content/uploads/2026/01/Samedi-4-avril-2026-1.png 1587w" sizes="auto, (max-width: 724px) 100vw, 724px" /></figure><div class="wp-block-media-text__content">
<p class="has-black-color has-text-color has-link-color has-medium-font-size wp-elements-20863f5541a1723e75b8485e2b2ce39b">Comme les années passées, notre association a invité deux groupes issus de terroirs différents pour apporter à son Fest Noz de printemps une grande richesse par la variété des danses proposées.&nbsp;Ils nous feront voyager à travers de nombreuses danses. Au menu, vielle, violon, veuze, accordéon, guitare, percussions, biniou et bombarde promettant une soirée sous le signe de la fête et de la bonne humeur.</p>



<p class="has-black-color has-text-color has-link-color has-medium-font-size wp-elements-8c6a37cb7f384998163213d1bd9c42f3"><strong>A l&rsquo;affiche, Beurhan et CourantD&rsquo;Air&rsquo;S, deux groupes dynamiques au service de la musique bretonne et traditionnelle &#8230;. </strong></p>
</div></div>



<div class="wp-block-columns is-layout-flex wp-container-core-columns-is-layout-9d6595d7 wp-block-columns-is-layout-flex">
<div class="wp-block-column is-layout-flow wp-block-column-is-layout-flow">
<figure class="wp-block-image size-large"><img loading="lazy" decoding="async" width="1024" height="640" src="http://www.kerradan.fr/wp-content/uploads/2025/11/Courant-DAirs-officiel-1024x640.jpg" alt="" class="wp-image-5192" srcset="http://www.kerradan.fr/wp-content/uploads/2025/11/Courant-DAirs-officiel-1024x640.jpg 1024w, http://www.kerradan.fr/wp-content/uploads/2025/11/Courant-DAirs-officiel-300x188.jpg 300w, http://www.kerradan.fr/wp-content/uploads/2025/11/Courant-DAirs-officiel-768x480.jpg 768w, http://www.kerradan.fr/wp-content/uploads/2025/11/Courant-DAirs-officiel-1536x960.jpg 1536w, http://www.kerradan.fr/wp-content/uploads/2025/11/Courant-DAirs-officiel-2048x1280.jpg 2048w" sizes="auto, (max-width: 1024px) 100vw, 1024px" /></figure>



<p class="has-black-color has-text-color has-link-color has-medium-font-size wp-elements-3e3b2cde6e554d128269fd4c375a2ddc"><strong>Courant d’Air’S</strong>, groupe vendéen de quatre musiciens avec René à la guitare, Sophie à l’accordéon et au violon, Frédéric aux percussions et Marie-Noëlle à la flûte et à la veuze. Avec un répertoire très étendu allant de la Bretagne à la Vendée, en passant par la Gascogne avec Rondeau et Congo, ce groupe partage la musique traditionnelle avec une énergie communicative.&nbsp;Le public le ressent… L’énergie transmise se disperse dans la salle entière et séduit aussi bien les amateurs de musiques entraînantes que les amoureux de la danse.</p>
</div>



<div class="wp-block-column is-layout-flow wp-block-column-is-layout-flow">
<figure class="wp-block-image size-large"><img loading="lazy" decoding="async" width="1024" height="728" src="http://www.kerradan.fr/wp-content/uploads/2025/11/PHOTO-Beurhan-2024-1024x728.jpg" alt="" class="wp-image-5193" srcset="http://www.kerradan.fr/wp-content/uploads/2025/11/PHOTO-Beurhan-2024-1024x728.jpg 1024w, http://www.kerradan.fr/wp-content/uploads/2025/11/PHOTO-Beurhan-2024-300x213.jpg 300w, http://www.kerradan.fr/wp-content/uploads/2025/11/PHOTO-Beurhan-2024-768x546.jpg 768w, http://www.kerradan.fr/wp-content/uploads/2025/11/PHOTO-Beurhan-2024-1536x1092.jpg 1536w, http://www.kerradan.fr/wp-content/uploads/2025/11/PHOTO-Beurhan-2024.jpg 2048w" sizes="auto, (max-width: 1024px) 100vw, 1024px" /></figure>



<p class="has-black-color has-text-color has-link-color has-medium-font-size wp-elements-9390d53481c4e45a126c91fa81cfaf83"><strong>Beurhan,</strong> groupe breton de musiciens d’Hennebont avec Patrick au chant et à l’accordéon, Gérard au bouzouki, banjo et biniou, Patrice au piston et à la veuze, Jean-Michel à la guitare et Pascal à la bombarde, au uilleann pipes et saxo. Un bel ensemble vivant et dynamique qui a un répertoire de danses et de musiques extrêmement varié allant de la gavotte de l’Aven au bal de Rhuys, en passant par le contre rond de Campégnac ….. Un périple musical entre Haute et Basse Bretagne pour la plus grande joie des danseurs.</p>
</div>
</div>

<p>Prochaine date, notre Fest Noz de printemps Samedi 4 avril 2026 &#8230;. Comme les années passées, notre association a invité deux groupes issus de terroirs différents pour apporter à son Fest Noz de printemps une grande richesse par la variété des danses proposées.&nbsp;Ils nous feront voyager à travers de nombreuses danses. Au menu, vielle, violon,</p>
