{"id":406,"date":"2021-01-27T10:11:06","date_gmt":"2021-01-27T09:11:06","guid":{"rendered":"http:\/\/www.kerradan.fr\/?page_id=406"},"modified":"2023-11-12T12:39:44","modified_gmt":"2023-11-12T11:39:44","slug":"tarif","status":"publish","type":"page","link":"http:\/\/www.kerradan.fr\/index.php\/tarif\/","title":{"rendered":"Tarif et Contact"},"content":{"rendered":"\n<div class=\"wp-block-media-text alignwide is-stacked-on-mobile\" style=\"grid-template-columns:31% auto\"><figure class=\"wp-block-media-text__media\"><img loading=\"lazy\" decoding=\"async\" width=\"577\" height=\"1024\" src=\"http:\/\/www.kerradan.fr\/wp-content\/uploads\/2021\/02\/Badges-577x1024.jpg\" alt=\"\" class=\"wp-image-902 size-full\" srcset=\"http:\/\/www.kerradan.fr\/wp-content\/uploads\/2021\/02\/Badges-577x1024.jpg 577w, http:\/\/www.kerradan.fr\/wp-content\/uploads\/2021\/02\/Badges-169x300.jpg 169w, http:\/\/www.kerradan.fr\/wp-content\/uploads\/2021\/02\/Badges-768x1362.jpg 768w, http:\/\/www.kerradan.fr\/wp-content\/uploads\/2021\/02\/Badges-866x1536.jpg 866w, http:\/\/www.kerradan.fr\/wp-content\/uploads\/2021\/02\/Badges-1155x2048.jpg 1155w, http:\/\/www.kerradan.fr\/wp-content\/uploads\/2021\/02\/Badges-scaled.jpg 1443w\" sizes=\"auto, (max-width: 577px) 100vw, 577px\" \/><\/figure><div class=\"wp-block-media-text__content\">\n<h1 class=\"wp-block-heading has-text-align-center has-black-color has-text-color\"><strong>Pour 20\u20ac par an<\/strong> <\/h1>\n\n\n\n<p class=\"has-black-color has-text-color\"><strong>Gratuit pour les &#8211; 18ans<\/strong><\/p>\n\n\n\n<h1 class=\"wp-block-heading has-text-align-center has-black-color has-text-color\"><strong>15 \u00e0 18 ateliers <\/strong><\/h1>\n\n\n\n<h2 class=\"wp-block-heading has-text-align-center has-black-color has-text-color\"><strong><em>de septembre \u00e0 juin<\/em><\/strong><\/h2>\n\n\n\n<p class=\"has-black-color has-text-color\"><strong>Avec en prime:<\/strong><\/p>\n\n\n\n<p class=\"has-black-color has-text-color\"><strong>Trois soir\u00e9es prolong\u00e9es inter-associations anim\u00e9es par des musiciens, avec ap\u00e9ritif et caf\u00e9 offert par Kerradan (chacun am\u00e8ne son repas)<\/strong><\/p>\n\n\n\n<p class=\"has-black-color has-text-color\"><strong>Une soir\u00e9e galette r\u00e9serv\u00e9e aux adh\u00e9rents en janvier, anim\u00e9e par des musiciens, avec ap\u00e9ritif, caf\u00e9 <strong>et galette offerts par KERRADAN<\/strong> (chacun am\u00e8ne son repas)<\/strong><\/p>\n\n\n\n<p class=\"has-black-color has-text-color\"><strong>Un tarif pr\u00e9f\u00e9rentiel<\/strong> <strong>pour participer<\/strong> <strong>\u00e0 notre Fest Noz du printemps<\/strong>.<\/p>\n<\/div><\/div>\n\n\n\n<div class=\"wp-block-columns is-layout-flex wp-container-core-columns-is-layout-9d6595d7 wp-block-columns-is-layout-flex\">\n<div class=\"wp-block-column is-layout-flow wp-block-column-is-layout-flow\">\n<div class=\"wp-block-media-text alignwide has-media-on-the-right is-stacked-on-mobile\" style=\"grid-template-columns:auto 41%\"><div class=\"wp-block-media-text__content\">\n<p class=\"has-black-color has-text-color\"><strong>Association Kerverner Raez Dansou<\/strong> <strong>(KERRADAN)<\/strong><\/p>\n\n\n\n<p class=\"has-black-color has-text-color\"><strong>Mairie \u2013 16 rue Georges Cl\u00e9menceau<\/strong><\/p>\n\n\n\n<p class=\"has-black-color has-text-color\"><strong>44760 La Bernerie en Retz<\/strong><\/p>\n\n\n\n<p class=\"has-black-color has-text-color\"><strong><a href=\"mailto:kerradan.dansou@laposte.net\">kerradan.dansou@laposte.net<\/a><\/strong><\/p>\n\n\n\n<p class=\"has-black-color has-text-color\"><strong>T\u00e9l de la pr\u00e9sidente: 06.34.54.16.21<\/strong><\/p>\n\n\n\n<p class=\"has-black-color has-text-color\"><strong>L\u2019adresse de notre site Web est&nbsp;: http:\/\/www.kerradan.fr.<\/strong><\/p>\n<\/div><figure class=\"wp-block-media-text__media\"><img loading=\"lazy\" decoding=\"async\" width=\"665\" height=\"547\" src=\"http:\/\/www.kerradan.fr\/wp-content\/uploads\/2023\/11\/Bureau-2023-2025-1.png\" alt=\"\" class=\"wp-image-3897 size-full\" srcset=\"http:\/\/www.kerradan.fr\/wp-content\/uploads\/2023\/11\/Bureau-2023-2025-1.png 665w, http:\/\/www.kerradan.fr\/wp-content\/uploads\/2023\/11\/Bureau-2023-2025-1-300x247.png 300w\" sizes=\"auto, (max-width: 665px) 100vw, 665px\" \/><\/figure><\/div>\n<\/div>\n<\/div>\n","protected":false},"excerpt":{"rendered":"<p>Pour 20\u20ac par an Gratuit pour les &#8211; 18ans 15 \u00e0 18 ateliers de septembre \u00e0 juin Avec en prime: Trois soir\u00e9es prolong\u00e9es inter-associations anim\u00e9es par des musiciens, avec ap\u00e9ritif et caf\u00e9 offert par Kerradan (chacun am\u00e8ne son repas) Une soir\u00e9e galette r\u00e9serv\u00e9e aux adh\u00e9rents en janvier, anim\u00e9e par des musiciens, avec ap\u00e9ritif, caf\u00e9 et<\/p>\n","protected":false},"author":1,"featured_media":0,"parent":0,"menu_order":0,"comment_status":"closed","ping_status":"closed","template":"","meta":{"footnotes":""},"class_list":["post-406","page","type-page","status-publish","hentry"],"_links":{"self":[{"href":"http:\/\/www.kerradan.fr\/index.php\/wp-json\/wp\/v2\/pages\/406","targetHints":{"allow":["GET"]}}],"collection":[{"href":"http:\/\/www.kerradan.fr\/index.php\/wp-json\/wp\/v2\/pages"}],"about":[{"href":"http:\/\/www.kerradan.fr\/index.php\/wp-json\/wp\/v2\/types\/page"}],"author":[{"embeddable":true,"href":"http:\/\/www.kerradan.fr\/index.php\/wp-json\/wp\/v2\/users\/1"}],"replies":[{"embeddable":true,"href":"http:\/\/www.kerradan.fr\/index.php\/wp-json\/wp\/v2\/comments?post=406"}],"version-history":[{"count":35,"href":"http:\/\/www.kerradan.fr\/index.php\/wp-json\/wp\/v2\/pages\/406\/revisions"}],"predecessor-version":[{"id":3898,"href":"http:\/\/www.kerradan.fr\/index.php\/wp-json\/wp\/v2\/pages\/406\/revisions\/3898"}],"wp:attachment":[{"href":"http:\/\/www.kerradan.fr\/index.php\/wp-json\/wp\/v2\/media?parent=406"}],"curies":[{"name":"wp","href":"https:\/\/api.w.org\/{rel}","templated":true}]}}

<div class="wp-block-media-text alignwide is-stacked-on-mobile" style="grid-template-columns:31% auto"><figure class="wp-block-media-text__media"><img loading="lazy" decoding="async" width="577" height="1024" src="http://www.kerradan.fr/wp-content/uploads/2021/02/Badges-577x1024.jpg" alt="" class="wp-image-902 size-full" srcset="http://www.kerradan.fr/wp-content/uploads/2021/02/Badges-577x1024.jpg 577w, http://www.kerradan.fr/wp-content/uploads/2021/02/Badges-169x300.jpg 169w, http://www.kerradan.fr/wp-content/uploads/2021/02/Badges-768x1362.jpg 768w, http://www.kerradan.fr/wp-content/uploads/2021/02/Badges-866x1536.jpg 866w, http://www.kerradan.fr/wp-content/uploads/2021/02/Badges-1155x2048.jpg 1155w, http://www.kerradan.fr/wp-content/uploads/2021/02/Badges-scaled.jpg 1443w" sizes="auto, (max-width: 577px) 100vw, 577px" /></figure><div class="wp-block-media-text__content">
<h1 class="wp-block-heading has-text-align-center has-black-color has-text-color"><strong>Pour 20€ par an</strong> </h1>



<p class="has-black-color has-text-color"><strong>Gratuit pour les &#8211; 18ans</strong></p>



<h1 class="wp-block-heading has-text-align-center has-black-color has-text-color"><strong>15 à 18 ateliers </strong></h1>



<h2 class="wp-block-heading has-text-align-center has-black-color has-text-color"><strong><em>de septembre à juin</em></strong></h2>



<p class="has-black-color has-text-color"><strong>Avec en prime:</strong></p>



<p class="has-black-color has-text-color"><strong>Trois soirées prolongées inter-associations animées par des musiciens, avec apéritif et café offert par Kerradan (chacun amène son repas)</strong></p>



<p class="has-black-color has-text-color"><strong>Une soirée galette réservée aux adhérents en janvier, animée par des musiciens, avec apéritif, café <strong>et galette offerts par KERRADAN</strong> (chacun amène son repas)</strong></p>



<p class="has-black-color has-text-color"><strong>Un tarif préférentiel</strong> <strong>pour participer</strong> <strong>à notre Fest Noz du printemps</strong>.</p>
</div></div>



<div class="wp-block-columns is-layout-flex wp-container-core-columns-is-layout-9d6595d7 wp-block-columns-is-layout-flex">
<div class="wp-block-column is-layout-flow wp-block-column-is-layout-flow">
<div class="wp-block-media-text alignwide has-media-on-the-right is-stacked-on-mobile" style="grid-template-columns:auto 41%"><div class="wp-block-media-text__content">
<p class="has-black-color has-text-color"><strong>Association Kerverner Raez Dansou</strong> <strong>(KERRADAN)</strong></p>



<p class="has-black-color has-text-color"><strong>Mairie – 16 rue Georges Clémenceau</strong></p>



<p class="has-black-color has-text-color"><strong>44760 La Bernerie en Retz</strong></p>



<p class="has-black-color has-text-color"><strong><a href="mailto:kerradan.dansou@laposte.net">kerradan.dansou@laposte.net</a></strong></p>



<p class="has-black-color has-text-color"><strong>Tél de la présidente: 06.34.54.16.21</strong></p>



<p class="has-black-color has-text-color"><strong>L’adresse de notre site Web est&nbsp;: http://www.kerradan.fr.</strong></p>
</div><figure class="wp-block-media-text__media"><img loading="lazy" decoding="async" width="665" height="547" src="http://www.kerradan.fr/wp-content/uploads/2023/11/Bureau-2023-2025-1.png" alt="" class="wp-image-3897 size-full" srcset="http://www.kerradan.fr/wp-content/uploads/2023/11/Bureau-2023-2025-1.png 665w, http://www.kerradan.fr/wp-content/uploads/2023/11/Bureau-2023-2025-1-300x247.png 300w" sizes="auto, (max-width: 665px) 100vw, 665px" /></figure></div>
</div>
</div>

<p>Pour 20€ par an Gratuit pour les &#8211; 18ans 15 à 18 ateliers de septembre à juin Avec en prime: Trois soirées prolongées inter-associations animées par des musiciens, avec apéritif et café offert par Kerradan (chacun amène son repas) Une soirée galette réservée aux adhérents en janvier, animée par des musiciens, avec apéritif, café et</p>
